{"id":24913,"date":"2021-01-20T11:25:31","date_gmt":"2021-01-20T11:25:31","guid":{"rendered":"https:\/\/www.legal500.com\/events\/?page_id=24913"},"modified":"2022-01-10T12:25:23","modified_gmt":"2022-01-10T12:25:23","slug":"post-covid-ma-a-new-normal-for-navigating-the-transactional-landscape-in-the-czech-republic","status":"publish","type":"page","link":"https:\/\/my.legal500.com\/events\/webinars-home\/post-covid-ma-a-new-normal-for-navigating-the-transactional-landscape-in-the-czech-republic\/","title":{"rendered":"Post Covid M&amp;A \u2013 A new normal for navigating the transactional landscape in the Czech Republic?"},"content":{"rendered":"<p>As the world continues to battle the Covid pandemic, and alongside government changes to FDI policies and other significant changes to the M&amp;A regulatory regime, buyers and sellers are going to find themselves in a drastically altered marketplace. These disruptions may significantly alter how parties approach M&amp;A transactions going forward.<\/p>\n<p>This webinar brought to you by The Legal 500 and\u00a0<a href=\"https:\/\/www.ksb.cz\/en\/\">Koci\u00e1n \u0160olc Bala\u0161t\u00edk<\/a>,\u00a0is<strong>\u00a0<\/strong>designed to give GCs and investors the\u00a0essential knowledge they need\u00a0to navigate their businesses in a post Covid investment environment in the Czech Republic, whilst delivering relevant insights into likely trends and regulatory issues on inbound and outbound\u00a0transactions in 2021 and beyond.<em>\u00a0<\/em><\/p>\n<p>Discussion points include:<\/p>\n<ol>\n<li>Current challenges of market entry and doing business.<\/li>\n<\/ol>\n<p>a)\u00a0 <span style=\"font-style: inherit;\">Change in investment focus\/climate.<br \/>\n<\/span><span style=\"font-style: inherit;\">b)\u00a0 <\/span><span style=\"font-style: inherit;\">Changing regulation of investment?<\/span><\/p>\n<ol start=\"2\">\n<li>Changes in deal structure and documentation arising from the impact of Covid.<\/li>\n<li>Distressed M&amp;A \u2013 strategies and risks in the post Covid era.<\/li>\n<li>Post Covid legal services and communication between lawyers and clients.<\/li>\n<\/ol>\n<h2>Speakers<\/h2>\n<p><img loading=\"lazy\" decoding=\"async\" class=\"alignnone size-full wp-image-25813\" style=\"font-size: 1rem;\" src=\"https:\/\/www.legal500.com\/events\/wp-content\/uploads\/sites\/5\/2021\/03\/martin-solc-crop-1.jpg\" alt=\"\" width=\"150\" height=\"150\" srcset=\"https:\/\/my.legal500.com\/events\/wp-content\/uploads\/sites\/5\/2021\/03\/martin-solc-crop-1.jpg 150w, https:\/\/my.legal500.com\/events\/wp-content\/uploads\/sites\/5\/2021\/03\/martin-solc-crop-1-100x100.jpg 100w\" sizes=\"auto, (max-width: 150px) 100vw, 150px\" \/> \u00a0<img loading=\"lazy\" decoding=\"async\" class=\"alignnone size-full wp-image-25807\" src=\"https:\/\/www.legal500.com\/events\/wp-content\/uploads\/sites\/5\/2021\/03\/dagmar-dubecka-crop-1.jpg\" alt=\"\" width=\"150\" height=\"150\" srcset=\"https:\/\/my.legal500.com\/events\/wp-content\/uploads\/sites\/5\/2021\/03\/dagmar-dubecka-crop-1.jpg 150w, https:\/\/my.legal500.com\/events\/wp-content\/uploads\/sites\/5\/2021\/03\/dagmar-dubecka-crop-1-100x100.jpg 100w\" sizes=\"auto, (max-width: 150px) 100vw, 150px\" \/> \u00a0<img loading=\"lazy\" decoding=\"async\" class=\"alignnone size-full wp-image-25811\" style=\"font-size: 1rem;\" src=\"https:\/\/www.legal500.com\/events\/wp-content\/uploads\/sites\/5\/2021\/03\/jan-lasak-crop-1.jpg\" alt=\"\" width=\"150\" height=\"150\" srcset=\"https:\/\/my.legal500.com\/events\/wp-content\/uploads\/sites\/5\/2021\/03\/jan-lasak-crop-1.jpg 150w, https:\/\/my.legal500.com\/events\/wp-content\/uploads\/sites\/5\/2021\/03\/jan-lasak-crop-1-100x100.jpg 100w\" sizes=\"auto, (max-width: 150px) 100vw, 150px\" \/> \u00a0<img loading=\"lazy\" decoding=\"async\" class=\"alignnone size-full wp-image-25809\" style=\"font-size: 1rem;\" src=\"https:\/\/www.legal500.com\/events\/wp-content\/uploads\/sites\/5\/2021\/03\/drahomir-tomasuk-crop-1.jpg\" alt=\"\" width=\"150\" height=\"150\" srcset=\"https:\/\/my.legal500.com\/events\/wp-content\/uploads\/sites\/5\/2021\/03\/drahomir-tomasuk-crop-1.jpg 150w, https:\/\/my.legal500.com\/events\/wp-content\/uploads\/sites\/5\/2021\/03\/drahomir-tomasuk-crop-1-100x100.jpg 100w\" sizes=\"auto, (max-width: 150px) 100vw, 150px\" \/> \u00a0<img loading=\"lazy\" decoding=\"async\" class=\"alignnone size-full wp-image-25735\" style=\"font-size: 1rem;\" src=\"https:\/\/www.legal500.com\/events\/wp-content\/uploads\/sites\/5\/2021\/03\/jiri-hak-crop.jpg\" alt=\"\" width=\"150\" height=\"150\" srcset=\"https:\/\/my.legal500.com\/events\/wp-content\/uploads\/sites\/5\/2021\/03\/jiri-hak-crop.jpg 150w, https:\/\/my.legal500.com\/events\/wp-content\/uploads\/sites\/5\/2021\/03\/jiri-hak-crop-100x100.jpg 100w\" sizes=\"auto, (max-width: 150px) 100vw, 150px\" \/><\/p>\n<ul>\n<li><a href=\"https:\/\/www.ksb.cz\/en\/people\/22\/martin-solc\">Martin \u0160olc<\/a>, Partner, Koci\u00e1n \u0160olc Bala\u0161t\u00edk,<\/li>\n<li><a href=\"https:\/\/www.ksb.cz\/en\/people\/4\/dagmar-dubecka\">Dagmar Dubeck\u00e1<\/a>, Partner, Koci\u00e1n \u0160olc Bala\u0161t\u00edk<\/li>\n<li><a href=\"https:\/\/www.ksb.cz\/en\/people\/263\/jan-lasak\">Jan Las\u00e1k<\/a>, Partner, Koci\u00e1n \u0160olc Bala\u0161t\u00edk<\/li>\n<li><a href=\"https:\/\/www.ksb.cz\/en\/people\/25\/drahomir-tomasuk\">Drahom\u00edr Toma\u0161uk<\/a>, Partner, Koci\u00e1n \u0160olc Bala\u0161t\u00edk<\/li>\n<li><a href=\"https:\/\/www.corpin.net\/en\/#team\">Ji\u0159\u00ed H\u00e1k<\/a>, Managing Partner, CORPIN<\/li>\n<\/ul>\n","protected":false},"excerpt":{"rendered":"<p>As the world continues to battle the Covid pandemic, and alongside government changes to FDI policies and other significant changes to the M&amp;A regulatory regime, buyers and sellers are going to find themselves in a drastically altered marketplace. These disruptions may significantly alter how parties approach M&amp;A transactions going forward. This webinar brought to you &hellip; <\/p>\n<p class=\"link-more\"><a href=\"https:\/\/my.legal500.com\/events\/webinars-home\/post-covid-ma-a-new-normal-for-navigating-the-transactional-landscape-in-the-czech-republic\/\" class=\"more-link\">Continue reading<span class=\"screen-reader-text\"> &#8220;Post Covid M&amp;A \u2013 A new normal for navigating the transactional landscape in the Czech Republic?&#8221;<\/span><\/a><\/p>\n","protected":false},"author":20,"featured_media":25459,"parent":20789,"menu_order":0,"comment_status":"closed","ping_status":"closed","template":"","meta":{"footnotes":""},"class_list":["post-24913","page","type-page","status-publish","has-post-thumbnail","hentry"],"acf":[],"_links":{"self":[{"href":"https:\/\/my.legal500.com\/events\/wp-json\/wp\/v2\/pages\/24913","targetHints":{"allow":["GET"]}}],"collection":[{"href":"https:\/\/my.legal500.com\/events\/wp-json\/wp\/v2\/pages"}],"about":[{"href":"https:\/\/my.legal500.com\/events\/wp-json\/wp\/v2\/types\/page"}],"author":[{"embeddable":true,"href":"https:\/\/my.legal500.com\/events\/wp-json\/wp\/v2\/users\/20"}],"replies":[{"embeddable":true,"href":"https:\/\/my.legal500.com\/events\/wp-json\/wp\/v2\/comments?post=24913"}],"version-history":[{"count":1,"href":"https:\/\/my.legal500.com\/events\/wp-json\/wp\/v2\/pages\/24913\/revisions"}],"predecessor-version":[{"id":31698,"href":"https:\/\/my.legal500.com\/events\/wp-json\/wp\/v2\/pages\/24913\/revisions\/31698"}],"up":[{"embeddable":true,"href":"https:\/\/my.legal500.com\/events\/wp-json\/wp\/v2\/pages\/20789"}],"wp:featuredmedia":[{"embeddable":true,"href":"https:\/\/my.legal500.com\/events\/wp-json\/wp\/v2\/media\/25459"}],"wp:attachment":[{"href":"https:\/\/my.legal500.com\/events\/wp-json\/wp\/v2\/media?parent=24913"}],"curies":[{"name":"wp","href":"https:\/\/api.w.org\/{rel}","templated":true}]}}