{"id":129460,"date":"2023-10-19T09:53:09","date_gmt":"2023-10-19T09:53:09","guid":{"rendered":"https:\/\/www.legal500.com\/events\/?page_id=129460"},"modified":"2023-12-11T16:05:57","modified_gmt":"2023-12-11T16:05:57","slug":"steering-committee","status":"publish","type":"page","link":"https:\/\/my.legal500.com\/events\/enterprise-gc-turkiye\/steering-committee\/","title":{"rendered":"Steering Committee"},"content":{"rendered":"<p>Celal Sava\u015f,\u00a0 chief legal officer, SOCAR<\/p>\n<p>Hakan Bekiroglu, legal director, Yildiz Holding<\/p>\n<p>Ba\u015fak G\u00fcrb\u00fcz, lead regional counsel, Visa<\/p>\n<p>Ertugrul Oner, general counsel, Coca-Cola \u0130\u00e7ecek<\/p>\n<p>Emre Ergel, group CFO, TOR HOLDING<\/p>\n<p>Erdinc Ugurlu, director of information technology, TEMSA<\/p>\n<p>\u015eaban Arslan, CFO &amp; board member, Enerco Enerji San. ve Tic. A.\u015e.<\/p>\n","protected":false},"excerpt":{"rendered":"<p>Celal Sava\u015f,\u00a0 chief legal officer, SOCAR Hakan Bekiroglu, legal director, Yildiz Holding Ba\u015fak G\u00fcrb\u00fcz, lead regional counsel, Visa Ertugrul Oner, general counsel, Coca-Cola \u0130\u00e7ecek Emre Ergel, group CFO, TOR HOLDING Erdinc Ugurlu, director of information technology, TEMSA \u015eaban Arslan, CFO &amp; board member, Enerco Enerji San. ve Tic. A.\u015e.<\/p>\n","protected":false},"author":27682,"featured_media":0,"parent":116388,"menu_order":0,"comment_status":"closed","ping_status":"closed","template":"","meta":{"footnotes":""},"class_list":["post-129460","page","type-page","status-publish","hentry"],"acf":[],"_links":{"self":[{"href":"https:\/\/my.legal500.com\/events\/wp-json\/wp\/v2\/pages\/129460","targetHints":{"allow":["GET"]}}],"collection":[{"href":"https:\/\/my.legal500.com\/events\/wp-json\/wp\/v2\/pages"}],"about":[{"href":"https:\/\/my.legal500.com\/events\/wp-json\/wp\/v2\/types\/page"}],"author":[{"embeddable":true,"href":"https:\/\/my.legal500.com\/events\/wp-json\/wp\/v2\/users\/27682"}],"replies":[{"embeddable":true,"href":"https:\/\/my.legal500.com\/events\/wp-json\/wp\/v2\/comments?post=129460"}],"version-history":[{"count":4,"href":"https:\/\/my.legal500.com\/events\/wp-json\/wp\/v2\/pages\/129460\/revisions"}],"predecessor-version":[{"id":148320,"href":"https:\/\/my.legal500.com\/events\/wp-json\/wp\/v2\/pages\/129460\/revisions\/148320"}],"up":[{"embeddable":true,"href":"https:\/\/my.legal500.com\/events\/wp-json\/wp\/v2\/pages\/116388"}],"wp:attachment":[{"href":"https:\/\/my.legal500.com\/events\/wp-json\/wp\/v2\/media?parent=129460"}],"curies":[{"name":"wp","href":"https:\/\/api.w.org\/{rel}","templated":true}]}}