{"id":127060,"date":"2023-10-12T13:35:54","date_gmt":"2023-10-12T13:35:54","guid":{"rendered":"https:\/\/www.legal500.com\/events\/?page_id=127060"},"modified":"2023-10-20T09:14:01","modified_gmt":"2023-10-20T09:14:01","slug":"innovation-theories-of-harm-in-merger-control","status":"publish","type":"page","link":"https:\/\/my.legal500.com\/events\/webinars-home\/innovation-theories-of-harm-in-merger-control\/","title":{"rendered":"Innovation Theories of Harm in Merger Control"},"content":{"rendered":"<p>This webinar, brought to you by The Legal 500 and ELIG G\u00fcrkaynak Attorneys-at-Law, will cover a broad range of issues regarding how innovation considerations affect or should affect competition law assessment and will be of interest to both GCs and business owners alike.<\/p>\n<p>The discussion will take place with Dr. G\u00f6nen\u00e7 G\u00fcrkaynak, founding partner of ELIG G\u00fcrkaynak Attorneys-at-Law; Prof. David J. Teece, and Prof. Damien Geradin, some of the world\u2019s leading experts in competition law. Prof. David J. Teece is the executive chairman at Berkeley Research Group and a professor of Global Business at the Institute for Business Innovation, Haas School of Business, University of California, Berkeley. Prof. Damien Geradin is the founding partner of Geradin Partners, a professor of competition law and economics at Tilburg University and a visiting professor at University College London.<\/p>\n<p>Some of the topics addressed will include:<\/p>\n<ul>\n<li>Innovation Theories of Harm in Merger Control: New Theories of Harm, Killer Acquisitions and Nascent Competition, Structural Presumptions, Efficiency Defenses and Remedies<\/li>\n<li>Defining\/Measuring Innovation<\/li>\n<li>Innovation and Market Definition<\/li>\n<li>Innovation, Market Power and Abuse of Dominance<\/li>\n<li>U.S. and EU Agencies\u2019 Approach to Innovation Considerations<\/li>\n<\/ul>\n","protected":false},"excerpt":{"rendered":"<p>This webinar, brought to you by The Legal 500 and ELIG G\u00fcrkaynak Attorneys-at-Law, will cover a broad range of issues regarding how innovation considerations affect or should affect competition law assessment and will be of interest to both GCs and business owners alike. The discussion will take place with Dr. G\u00f6nen\u00e7 G\u00fcrkaynak, founding partner of &hellip; <\/p>\n<p class=\"link-more\"><a href=\"https:\/\/my.legal500.com\/events\/webinars-home\/innovation-theories-of-harm-in-merger-control\/\" class=\"more-link\">Continue reading<span class=\"screen-reader-text\"> &#8220;Innovation Theories of Harm in Merger Control&#8221;<\/span><\/a><\/p>\n","protected":false},"author":60748,"featured_media":127338,"parent":20789,"menu_order":0,"comment_status":"closed","ping_status":"closed","template":"","meta":{"footnotes":""},"class_list":["post-127060","page","type-page","status-publish","has-post-thumbnail","hentry"],"acf":[],"_links":{"self":[{"href":"https:\/\/my.legal500.com\/events\/wp-json\/wp\/v2\/pages\/127060","targetHints":{"allow":["GET"]}}],"collection":[{"href":"https:\/\/my.legal500.com\/events\/wp-json\/wp\/v2\/pages"}],"about":[{"href":"https:\/\/my.legal500.com\/events\/wp-json\/wp\/v2\/types\/page"}],"author":[{"embeddable":true,"href":"https:\/\/my.legal500.com\/events\/wp-json\/wp\/v2\/users\/60748"}],"replies":[{"embeddable":true,"href":"https:\/\/my.legal500.com\/events\/wp-json\/wp\/v2\/comments?post=127060"}],"version-history":[{"count":1,"href":"https:\/\/my.legal500.com\/events\/wp-json\/wp\/v2\/pages\/127060\/revisions"}],"predecessor-version":[{"id":130254,"href":"https:\/\/my.legal500.com\/events\/wp-json\/wp\/v2\/pages\/127060\/revisions\/130254"}],"up":[{"embeddable":true,"href":"https:\/\/my.legal500.com\/events\/wp-json\/wp\/v2\/pages\/20789"}],"wp:featuredmedia":[{"embeddable":true,"href":"https:\/\/my.legal500.com\/events\/wp-json\/wp\/v2\/media\/127338"}],"wp:attachment":[{"href":"https:\/\/my.legal500.com\/events\/wp-json\/wp\/v2\/media?parent=127060"}],"curies":[{"name":"wp","href":"https:\/\/api.w.org\/{rel}","templated":true}]}}